*p**2 + p - 3. List the prime factors of f(4).
17
Suppose -4*f + 22 = -5*q - 14, f - 4*q - 20 = 0. List the prime factors of f.
2
Suppose -5*n = -n + 44. Let a = -4 - n. What are the prime factors of a?
7
Suppose k = -5*m + 241, k - 5*k + 946 = 2*m. What are the prime factors of k?
2, 59
Let f(d) = 3*d - 9. Let b be f(10). List the prime factors of 14/(-1)*(-18)/b.
2, 3
Let c be (-2 + 1)/((-1)/11). Let t = c + -7. List the prime factors of t.
2
Let h be (1 + -2)/(5/(-10)). Let i be ((-4)/1 + h)*-18. Suppose -5*c = 2*p - i, c + 0 = 3*p - 3. List the prime factors of c.
2, 3
Suppose 0*o = -o. Suppose 7 = -4*c + d, o*c + 3*c = d - 6. List the prime factors of 1 + (2 - -2) + c.
2
Suppose -4*r + 67 = -85. List the prime factors of r.
2, 19
Let z(f) = f**2 - 5*f - 3. Let n be z(6). Suppose n*j - 2*j = 3. Suppose q = -4*a + 15, 4*a - 2*a = j*q - 59. List the prime factors of q.
19
Suppose -4*v = 2*u - 170, 4*u - 388 = 7*v - 3*v. What are the prime factors of u?
3, 31
Let c(v) = 2*v + 1. Let k be c(-2). What are the prime factors of (-2)/k*-3*-7?
2, 7
Let o(c) = -10*c**3 + c**2 + c. Let d be (-9)/(-6)*(-4)/6. List the prime factors of o(d).
2, 5
List the prime factors of (12/(-3)*-1)/(1/8).
2
Let j(s) = -s**3 - 7*s**2 - 5*s + 4. Let l be j(-6). List the prime factors of 640/35 - l/(-7).
2, 3
Let f = -27 + 208. List the prime factors of f.
181
Let v be 0 - -3 - (-12)/(-3). Let o = v - -3. List the prime factors of o.
2
Suppose 108 = 4*c + x - 3*x, 18 = c + 4*x. Suppose 0*u = 2*u - c. List the prime factors of u.
13
Suppose h + 2*g - 6 = 0, -3*g + 6 = -2*h - g. Suppose 7*i - 3*i - 60 = h. List the prime factors of i.
3, 5
Suppose 2*b + 6*b = 1200. List the prime factors of b.
2, 3, 5
Suppose -4*y + y = -12. What are the prime factors of 1/y*-3*-24?
2, 3
Let n be 207/(-5) - 2/(-5). Let b = -24 - n. What are the prime factors of b?
17
Suppose 31*s - 26*s - 980 = 0. List the prime factors of s.
2, 7
Suppose o - 18 = -2*o. Suppose y - 6 = 2*y. List the prime factors of 4/o - 8/y.
2
Let j(y) = y**2 + 3*y - 2. What are the prime factors of j(-4)?
2
Let s = 23 - 41. Let q = 36 + s. List the prime factors of q.
2, 3
Let q = -6 + 5. Let t = q + 7. Suppose -4*s = t + 10, -12 = -4*l - 2*s. What are the prime factors of l?
5
Let m be (6/9)/((-4)/(-102)). Let w = m - 4. List the prime factors of w.
13
Suppose 5*b + t + t = 18, 3*t = -4*b + 13. Suppose -26 = -b*m - u, -5*m = -0*m + u - 32. What are the prime factors of (-2)/(-6) - (-118)/m?
2, 5
Suppose 3*z = -3*z + 876. List the prime factors of z.
2, 73
Suppose 0 = -4*b + 20. Suppose 4*n - 30 = -0*k + 2*k, 43 = b*n + 3*k. List the prime factors of n.
2
Suppose 15*m - 7*m - 88 = 0. Let x = -2 + -3. Let b = m + x. What are the prime factors of b?
2, 3
Let w = -86 + 35. Let m = -15 - w. List the prime factors of m.
2, 3
Suppose 0 = 2*g - 6*g + 12. Let c(i) = -25*i + 15. Let u(j) = -8*j + 5. Let y(s) = g*c(s) - 10*u(s). What are the prime factors of y(4)?
3, 5
Let m(t) = -t. Let u be m(1). Let i = -1 - u. List the prime factors of (-1 - i)*(-5 + -3).
2
Let c(i) = i**2 - 10*i - 11. Let w be c(11). Let j be w + -2 + (1 - -1). Suppose -v - 3*u - 7 = j, -4*u = 2*v + 8 - 4. List the prime factors of v.
2
Let h(q) = -q + 7. Let v be h(-5). Suppose 2*a - v = -a. What are the prime factors of a?
2
Let c(r) = 2*r**3 - 3*r**2 - 5*r + 3. List the prime factors of c(4).
3, 7
Suppose 78 = 5*o - 87. Suppose u + 14 = 4*p + o, 0 = -2*p - 8. List the prime factors of u.
3
Suppose -2*q - q = -4*r + 7, 4*q = 3*r. Let m be 27*1 + (-13 - -10). Suppose q*v = -v + m. List the prime factors of v.
2, 3
Let n(o) = 12*o + 49. What are the prime factors of n(11)?
181
Let f(y) = -y**3 + 8*y**2 + 4*y - 11. List the prime factors of f(8).
3, 7
Let k be (-200)/(-35) + (-2)/(-7). Let u be k/12 + 5/2. List the prime factors of (0 - 11/u)*-3.
11
Let p(t) = -t**3. List the prime factors of p(-2).
2
Suppose b + 0*b - 15 = 0. Suppose -x - b = -3*u - 0*x, -4*x - 28 = -4*u. List the prime factors of u.
2
Suppose -260 - 364 = -13*y. List the prime factors of y.
2, 3
Suppose 2*z + 8 + 28 = 0. Let c = z - -5. Let d = -6 - c. List the prime factors of d.
7
Let z be 8/(-2 - -1) + -2. List the prime factors of ((-16)/z)/(12/150).
2, 5
Let q be 2 + ((-5)/(-1) - 4). Suppose 0*y - 5*m = -q*y + 47, 4*m - 20 = -4*y. List the prime factors of y.
3
Suppose 3*s + 5 = -2*k, s - 7 = -6*k + k. Suppose 2*l = -0*l + k. Let b = l - -11. What are the prime factors of b?
2, 3
List the prime factors of 4 - -1*4/(-2).
2
Let k(g) = g**3 - 5*g**2 + 3*g - 3. Let r be k(4). Let n(p) = -p**3 - 6*p**2 + 6*p - 1. List the prime factors of n(r).
2, 3
Let x(d) = d**2 - 2*d - 4. Let s be x(4). Suppose 4*j + 28 = 3*o - 2, -2*o = -s*j - 20. What are the prime factors of o?
2, 5
What are the prime factors of -1 + ((-1)/(-3))/((-10)/(-2490))?
2, 41
Suppose -5 = h - 51. What are the prime factors of h?
2, 23
Suppose 6*p = 3*p + 294. Suppose 75 = 3*f + 4*c - 7*c, -4*f + 2*c = -p. What are the prime factors of f?
2, 3
Let u = -20 - -29. List the prime factors of u.
3
Suppose -3*m + 11 = 2*h - 2*m, -5*m = 2*h - 23. Let o be ((-7)/h)/(2/(-8)). Suppose 5 + o = 4*r. What are the prime factors of r?
3
What are the prime factors of (-3 + 2)/(1070/536 + -2)?
2, 67
Let f(w) = -2*w. Let b(g) = -g**3 - 5*g**2 - 3*g + 2. Let k be b(-4). Let r be f(k). Let s = 5 + r. What are the prime factors of s?
3
Let j = 46 - 85. List the prime factors of 4/(-6)*j/2.
13
Let q = -119 - -409. List the prime factors of q.
2, 5, 29
Let b = 156 + -110. Let u = -33 + b. What are the prime factors of u?
13
Suppose 3*u = 8*u - x - 585, -u + 106 = 2*x. What are the prime factors of u?
2, 29
Let d(c) = 2*c**3 - 8*c**2 + 8*c - 8. Let x be d(6). Suppose -x = -0*i - 4*i. List the prime factors of i.
2, 23
Let z(r) = -r**3 - 13*r**2 - 10*r + 13. Let j(k) = -k**3 - 13*k**2 - 10*k + 13. Let x(m) = 5*j(m) - 6*z(m). What are the prime factors of x(-12)?
11
Let i = -4 - -8. Suppose i*q - 42 - 78 = 0. What are the prime factors of q?
2, 3, 5
Let j be 14*1/(-2*1). Let s(n) = -n**3 - 6*n**2 + 6*n. List the prime factors of s(j).
7
Suppose -3*u + 42 = -0*u. Suppose -m + a + 3*a = -u, -a = -5*m + 51. List the prime factors of m/3*(3 - 0).
2, 5
Let w(q) be the second derivative of -q**4/12 - 5*q**3/6 + 3*q**2/2 - q. Suppose -7*u - 11 - 24 = 0. List the prime factors of w(u).
3
Let a = 14 + -8. Let y = -7 - -5. Let w = a + y. What are the prime factors of w?
2
Let i = 24 - -36. List the prime factors of i.
2, 3, 5
Let u = -29 - -57. Suppose 3*m + 10 = u. List the prime factors of m.
2, 3
Let s = 10 - 2. Suppose -k = -a + s, 0 = 4*a + 4*k - 9*k - 31. List the prime factors of a.
3
Suppose -12 = -4*f - 0. Suppose -x - 3*v - 6 = v, f*x + 18 = 4*v. Let z = 10 + x. What are the prime factors of z?
2
Let w = 6 + -1. Suppose 0 = -2*g + g - w. Let s(u) = -3*u - 7. List the prime factors of s(g).
2
Suppose 3*r - 8 = 64. What are the prime factors of r?
2, 3
Suppose s + 162 = 4*s. What are the prime factors of s?
2, 3
Suppose 11*w + 410 = 16*w. List the prime factors of w.
2, 41
Suppose -9 = m - 2*i, -5*m - 4*i = -10*m - 15. Let y be 2/(m*(-2)/(-8)). Suppose 3*x = x + y. List the prime factors of x.
2
Suppose -2*k + k + 32 = 4*p, -2*k = -2*p - 94. What are the prime factors of k?
2, 11
Suppose d + 0 - 3 = 3*z, -3*z + 5*d = 15. Suppose -4*i + 96 - 24 = z. What are the prime factors of i?
2, 3
Suppose 4*d - d = 5*v + 5, -5 = -5*v + d. Let y be v/(-11) - (-96)/44. List the prime factors of 2 + y + 2 + 1.
7
Let m(c) = -2*c**2 - 11*c + 3. Let d(n) = -n**2 - n. Let u(p) = 3*d(p) - m(p). List the prime factors of u(5).
2, 3
Suppose -x - 1 = k, 4*k - 5*x + 2 = 16. Suppose -k = -3*r + 8. Suppose -3*a - 14 = -2*d, -3*d - d - r*a = -28. What are the prime factors of d?
7
Let z(r) be the second derivative of -r**4/12 - 4*r**3/3 + 5*r**2/2 - 7*r. List the prime factors of z(-7).
2, 3
Let w = 115 + -49. Suppose -m + 4 = -4*o, -4*m - 3*o + w = m. List the prime factors of m.
2, 3
Let t(m) = -1 + m + 0*m + 9*m**2 + m. Let b be t(1). Suppose -2*s + 28 = b. List the prime factors of s.
3
Let w(o) = 30*o**2 - 7*o - 13. What are the prime factors of w(-3)?
2, 139
Suppose 0 = -5*d + 2*n + 555, 2*d + 2*n - 444 = -2*d. What are the prime factors of d?
3, 37
Let h(g) = g**2 -